5)?
630
Let o(b) = 39607*b - 277153. Determine o(7).
96
Let k(s) = 28*s**2 + 1382*s + 26. Calculate k(-49).
-464
Let r(q) = 2*q**3 - 96*q**2 - 181*q - 1542. Calculate r(50).
-592
Let r(u) = 798*u + 59059. What is r(-74)?
7
Let o(i) = i**2 - 3542*i - 390434. Calculate o(-107).
9
Let t(x) = 2*x**3 - 230*x**2 - 4*x - 83089. Calculate t(118).
-17
Let v(y) = -3*y**2 - 334*y + 394. What is v(-99)?
4057
Let g(o) = 656*o - 1255. Determine g(-1).
-1911
Let z(j) = 29*j**3 - 17*j - 38. What is z(-5)?
-3578
Let i(m) = 44*m - 845. Calculate i(21).
79
Let j(i) = -2053*i - 94616. Give j(-46).
-178
Let n(f) = -f**3 + 225*f**2 - 4860*f + 7200. Calculate n(201).
-36
Let a(t) = 8925*t - 17835. Determine a(2).
15
Let r(n) = 2515*n - 372234. Give r(148).
-14
Let p(a) = -a**3 + 18*a**2 - 69*a + 71. What is p(16)?
-521
Let u(d) = d**3 + 2*d**2 + 5*d + 2873. Give u(-15).
-127
Let m(x) = x**2 + 14210*x + 312132. Determine m(-22).
-4
Let u(j) = 448867*j + 448867. What is u(-1)?
0
Let h(m) = 66442*m - 3720757. Determine h(56).
-5
Let c(y) = 552*y - 8351. Calculate c(15).
-71
Let x(a) = -3*a**2 + 193*a - 2714. Determine x(41).
156
Let p(m) = 1706*m - 93851. Determine p(55).
-21
Let o(g) = 4*g**3 - 2759*g**2 - 2414*g + 1189560. What is o(690)?
0
Let w(l) = 109*l - 1756. Determine w(17).
97
Let l(b) = -72*b**2 + 80*b + 112. Determine l(2).
-16
Let q(o) = -o**2 + 2884*o - 25861. Give q(9).
14
Let c(x) = -3*x**2 + 216*x + 18184. Give c(122).
-116
Let y(a) = -8867*a - 159616. Determine y(-18).
-10
Let n(s) = 408145*s - 1224427. Determine n(3).
8
Let w(u) = u**2 + 50*u - 367. Calculate w(6).
-31
Let s(i) = -149*i + 4620. Give s(30).
150
Let f(p) = -131*p**2 - 1043*p + 222. Determine f(-8).
182
Let m(q) = -17078*q - 34145. Determine m(-2).
11
Let x(m) = -8620*m + 232733. What is x(27)?
-7
Let h(u) = 7*u**2 + 955*u - 4743. Give h(5).
207
Let f(q) = -38*q**2 + 444*q - 145. What is f(13)?
-795
Let i(g) = g**3 + 108*g**2 + 2877*g + 146. Give i(-62).
-1404
Let d(g) = -2*g**2 - 61*g + 1005. Give d(-43).
-70
Let j(u) = -u**2 + 224*u + 11300. Calculate j(-42).
128
Let v(f) = -2854*f + 876156. What is v(307)?
-22
Let t(r) = 5*r + 828. Calculate t(8).
868
Let g(q) = 66637*q - 733254. What is g(11)?
-247
Let f(r) = r**3 - 14*r**2 + 341*r - 632. Give f(2).
2
Let t(q) = -q**3 + 14*q**2 - 46*q - 47. Calculate t(11).
-190
Let n(p) = -6*p**2 + 475*p + 357. What is n(80)?
-43
Let g(w) = 40*w**2 + 152*w + 573. Determine g(-4).
605
Let o(r) = 4*r**3 + 1871*r**2 - 447*r + 10111. Calculate o(-468).
283
Let w(a) = a**2 - 2102*a + 29257. Give w(14).
25
Let o(x) = -260470*x + 2344254. Give o(9).
24
Let c(w) = -586*w - 4148. What is c(-7)?
-46
Let u(w) = 9*w**3 + 228*w**2 + 7*w + 15. What is u(-3)?
1803
Let b(y) = -y**3 - 16*y**2 - 93*y - 1141. Give b(-10).
-811
Let m(h) = -13297*h**2 + 93054*h + 176. Determine m(7).
1
Let h(p) = p**3 + 116*p**2 + 2434*p + 208569. Determine h(-111).
0
Let o(d) = 2*d**3 - 278*d**2 + 6382*d - 228. Give o(110).
-8
Let k(d) = 27*d**3 + 80*d**2 + 31*d + 83. What is k(-3)?
-19
Let g(s) = -6858*s + 28762. Determine g(4).
1330
Let w(a) = -486*a - 37927. Calculate w(-80).
953
Let z(d) = 5*d**3 + 229*d**2 - 47*d - 67. Determine z(-46).
-21
Let d(j) = -6707*j - 757887. Determine d(-113).
4
Let v(p) = 1457*p - 36427. Give v(25).
-2
Let o(h) = -58809*h - 8468496. Give o(-144).
0
Let f(o) = -o**2 - 1673*o - 15113. What is f(-9)?
-137
Let r(s) = -6*s**3 - 84*s**2 + 962*s + 13469. Calculate r(-14).
1
Let a(o) = o**3 - 148*o**2 - 459*o + 46432. Determine a(149).
242
Let h(l) = 68*l**2 + 180*l - 1142. What is h(6)?
2386
Let l(k) = 195*k**2 - 256*k - 512. Determine l(-2).
780
Let g(w) = w**2 - 2532*w + 25210. Calculate g(10).
-10
Let b(a) = -126*a**2 + 779*a - 1557. Calculate b(2).
-503
Let r(u) = 13349*u + 133474. Give r(-10).
-16
Let n(g) = -14*g**3 - 2*g**2 - 35865*g - 107597. Give n(-3).
358
Let s(u) = -58200*u - 9253792. What is s(-159)?
8
Let g(z) = 4*z**3 + 10*z**2 - 165*z - 329. Give g(-7).
-56
Let p(g) = 112323*g - 673942. What is p(6)?
-4
Let a(u) = -38*u**3 - 204*u**2 - 220*u - 2. Give a(-4).
46
Let c(n) = 5418*n + 60348. What is c(-11)?
750
Let l(s) = 12*s**3 + 103*s**2 - 630*s - 5264. Determine l(-9).
1
Let u(j) = j**3 - 258*j**2 + 2380*j - 95002. Give u(250).
-2
Let j(f) = 9438*f - 1679979. Calculate j(178).
-15
Let m(x) = -96*x - 9135. Determine m(-73).
-2127
Let h(p) = 4103*p + 110730. What is h(-27)?
-51
Let n(r) = -12*r**2 + 493*r + 157. Calculate n(45).
-1958
Let l(p) = p**2 - 277359*p + 1386767. Determine l(5).
-3
Let p(r) = r**2 + 364*r + 9685. Calculate p(-335).
-30
Let x(i) = 15*i**2 + 1525*i + 9086. Determine x(-6).
476
Let c(k) = 3*k**2 - 23760*k - 739459. Determine c(-31).
-16
Let u(f) = -f**3 + 103*f**2 - 489*f + 33. Calculate u(98).
131
Let q(s) = s**2 + 9795*s + 2059701. Determine q(-215).
1
Let v(h) = 12*h**2 - 980*h - 5129. Determine v(-5).
71
Let h(g) = -30970*g + 5853310. Determine h(189).
-20
Let s(y) = -4*y**3 + 246*y**2 - 120*y - 183. Give s(61).
-61
Let z(m) = -m**2 - 241*m - 8933. What is z(-46)?
37
Let d(q) = q**3 + 54*q**2 + 748*q + 17389. Determine d(-46).
-91
Let b(m) = -500*m**2 - 566*m + 61. Determine b(-2).
-807
Let c(j) = 77*j**2 - 5251*j + 11163. Give c(66).
9
Let t(m) = -m**2 - 89803*m + 808308. What is t(9)?
0
Let d(a) = -52670*a - 158134. Calculate d(-3).
-124
Let y(r) = -21*r**2 + 2294*r + 2305. What is y(-1)?
-10
Let q(w) = 7*w**2 + 308*w - 252. What is q(-45)?
63
Let x(i) = -2*i**3 - 19*i**2 + 33*i - 106. Determine x(-12).
218
Let n(f) = -3*f**3 + 75*f**2 + 1518*f - 37972. Give n(25).
-22
Let x(k) = 3*k**3 + 390*k**2 + 391*k + 19. Determine x(-129).
-497
Let z(s) = 19*s**2 - 6837*s - 21784. Calculate z(363).
-4
Let v(f) = -f**2 + 22130*f + 332183. Determine v(-15).
8
Let r(k) = -k**2 - 214*k - 10844. Determine r(-95).
461
Let j(l) = -l**3 - 54*l**2 + 37*l + 1966. Determine j(-54).
-32
Let w(h) = 359*h + 100877. Determine w(-278).
1075
Let b(j) = j**3 - 25*j**2 + 50*j - 293. Determine b(23).
-201
Let j(a) = -11980*a + 227612. Determine j(19).
-8
Let c(g) = 19*g**2 - 47*g + 47. Determine c(1).
19
Let d(y) = -y**2 - 36597*y - 439017. What is d(-12)?
3
Let z(i) = -4395*i + 123090. Give z(28).
30
Let h(c) = 6298*c - 81358. Determine h(13).
516
Let w(l) = -1878*l - 7165. Determine w(-4).
347
Let l(f) = -282*f**2 - 867*f - 88. Determine l(-3).
-25
Let i(v) = 42*v**3 - 754*v**2 - 42*v + 120. Give i(18).
12
Let s(t) = t**3 + 32*t**2 - 1678*t - 8529. What is s(31)?
-4
Let u(g) = 5*g**3 - 2263*g**2 - 6839*g - 10. Determine u(-3).
5
Let g(t) = t**3 + 120*t**2 - 14628*t + 262. Calculate g(75).
37
Let b(i) = i**3 + 44*i**2 - 62*i - 329. Calculate b(-7).
1918
Let s(i) = 28*i**2 + 635*i + 44. Determine s(3).
2201
Let v(j) = -2*j**3 + 12*j**2 - 18759*j + 112543. Determine v(6).
-11
Let y(r) = 22297*r - 4994529. Determine y(224).
-1
Let f(t) = -19*t**2 + 3164*t + 1055. Give f(167).
-448
Let c(u) = -16*u**3 + 6975*u**2 + 516*u - 34883. Give c(436).
-3
Let w(o) = 305*o + 2139. Give w(-15).
-2436
Let x(a) = a**2 + 1028*a - 131533. Determine x(115).
-88
Let t(d) = -18*d**2 - 255*d + 308. What is t(-14)?
350
Let w(i) = 4720*i - 30319. What is w(6)?
-1999
Let t(j) = -2*j**3 - 39*j**2 + 42*j + 1797. What is t(-17)?
-362
Let j(v) = 58*v**2 + 40537*v - 3484. Determine j(-699).
11
Let j(f) = -2*f**2 - 8*f + 758. Calculate j(-23).
-116
Let u(w) = -42*w**2 + 58*w + 104. Determine u(7).
-1548
Let a(w) = -3*w**3 + 256*w**2 - 552*w - 2397. Calculate a(83).
10
Let q(g) = -g**2 - 78*g - 1621. What is q(-43)?
-116
Let y(r) = r**2 - 287*r - 167496. Give y(577).
-166
Let d(t) = -t**3 - 274*t**2 - 7895*t + 63583. Determine d(-240).
-17
Let j(r) = 1139*r + 9635. Give j(-9).
-616
Let s(v) = -v**3 - 50*v**2 - 736*v - 7379. Calculate s(-35).
6
Let d(u) = 31*u**3 - 1303*u**2 + 39*u - 99. Determine d(42).
-225
Let v(k) = -k**2 + 51660*k - 28312731. Calculate v(554).
-7
Let l(h) = h**3 - 24*h**2 - 23*h + 578. Determine l(24).
26
Let g(b) = 280*b + 117891. Calculate g(-421).
11
Let z(g) = 25125*g - 51835. Calculate z(2).
-1585
Let x(p) = 13*p**3 + 53*p**2 + 32*p + 73. Give x(-4).
-39
Let j(g) = 66*g**3 + 2970*g**2 + 6*g + 282. Calculate j(-45).
12
Let q(b) = -b**3 - 23*b**2 + 263*b - 480. Give q(6).
54
Let p(f) = 30*f**3 - 6*f**2 - 15*f + 96. Give p(3).
807
Let u(n) = n**3 - 6